{"id":13947,"date":"2021-08-27T13:06:00","date_gmt":"2021-08-27T16:06:00","guid":{"rendered":"https:\/\/innovacd.net\/?page_id=13947"},"modified":"2021-08-27T13:06:44","modified_gmt":"2021-08-27T16:06:44","slug":"avis-legal","status":"publish","type":"page","link":"https:\/\/clientesdemo.cl\/innovacd\/avis-legal\/","title":{"rendered":"AVIS LEGAL"},"content":{"rendered":"\n<p>1. Introducci\u00f3<\/p>\n\n\n\n<p>Les presents condicions generals d\u2019\u00fas de la p\u00e0gina web, regulen els termes i condicions d\u2019acc\u00e9s i \u00fas de www.innovacd.net, propietat de Innovation &amp; Creativity Development, &nbsp;amb domicili en xxxxxxxxxxxxxx i amb Codi d\u2019Identificaci\u00f3 Fiscal n\u00famero B-XXXXXX, d\u2019ara en endavant, \u00abl\u2019Empresa\u00bb, que l\u2019usuari del portal haur\u00e0 de llegir i acceptar per utilitzar tots els serveis i informaci\u00f3 que es faciliten des del portal. El simple acc\u00e9s i\/o utilitzaci\u00f3 del portal, de tots o part dels seus continguts i \/ o serveis significa la plena acceptaci\u00f3 de les presents condicions generals d\u2019\u00fas.<\/p>\n\n\n\n<p>2. Condicions d\u2019\u00fas<\/p>\n\n\n\n<p>Les presents condicions generals d\u2019\u00fas del portal regulen l\u2019acc\u00e9s i la utilitzaci\u00f3 del portal, incloent els continguts i els serveis posats a disposici\u00f3 dels usuaris en i \/ o mitjan\u00e7ant el portal, b\u00e9 pel portal, b\u00e9 pels seus usuaris o b\u00e9 per tercers . No obstant aix\u00f2, l\u2019acc\u00e9s i la utilitzaci\u00f3 de certs continguts i \/ o serveis pot trobar-se sotm\u00e8s a determinades condicions espec\u00edfiques.<\/p>\n\n\n\n<p>3. Modificacions<\/p>\n\n\n\n<p>L\u2019empresa es reserva la facultat de modificar en qualsevol moment les condicions generals d\u2019\u00fas del portal. En tot cas, es recomana que consulti peri\u00f2dicament els presents termes d\u2019\u00fas del portal, ja que poden ser modificats.<\/p>\n\n\n\n<p>4. Obligacions de l\u2019Usuari<\/p>\n\n\n\n<p>L\u2019usuari haur\u00e0 de respectar en tot moment els termes i condicions establerts en les presents condicions generals d\u2019\u00fas del portal. De forma expressa l\u2019usuari manifesta que utilitzar\u00e0 el portal de forma diligent i assumint qualsevol responsabilitat que pogu\u00e9s derivar de l\u2019incompliment de les normes.<\/p>\n\n\n\n<p>Aix\u00ed mateix, l\u2019usuari no podr\u00e0 utilitzar el portal per transmetre, emmagatzemar, divulgar promoure o distribuir dades o continguts que siguin portadors de virus o qualsevol altre codi inform\u00e0tic, arxius o programes dissenyats per interrompre, destruir o perjudicar el funcionament de qualsevol programa o equip inform\u00e0tic o de telecomunicacions.<\/p>\n\n\n\n<p>5. Responsabilitat del portal<\/p>\n\n\n\n<p>L\u2019usuari coneix i accepta que el portal no atorga cap garantia de qualsevol naturalesa, ja sigui expressa o impl\u00edcita, sobre les dades, continguts, informaci\u00f3 i serveis que s\u2019incorporen i ofereixen des del Portal.<\/p>\n\n\n\n<p>Exceptuant els casos que la Llei imposi expressament el contrari, i exclusivament amb la mesura i extensi\u00f3 en qu\u00e8 ho imposi, el Portal no garanteix ni assumeix cap responsabilitat pel que fa als possibles danys i perjudicis causats per l\u2019\u00fas i utilitzaci\u00f3 de la informaci\u00f3, dades i serveis del Portal.<\/p>\n\n\n\n<p>En tot cas, el Portal exclou qualsevol responsabilitat pels danys i perjudicis que puguin deure a la informaci\u00f3 i \/ o serveis prestats o subministrats per tercers diferents de l\u2019Empresa. Tota responsabilitat ser\u00e0 del tercer ja sigui prove\u00efdor o col\u00b7laborador.<\/p>\n\n\n\n<p>6. Propietat intel\u00b7lectual i industrial<\/p>\n\n\n\n<p>Tots els continguts, marques, logos, dibuixos, documentaci\u00f3, programes inform\u00e0tics o qualsevol altre element susceptible de protecci\u00f3 per la legislaci\u00f3 de propietat intel\u00b7lectual o industrial, que siguin accessibles al portal corresponen exclusivament a l\u2019empresa o als seus leg\u00edtims titulars i queden expressament reservats tots els drets sobre els mateixos. Queda expressament prohibida la creaci\u00f3 d\u2019enlla\u00e7os d\u2019hipertext (links) a qualsevol element integrant de les p\u00e0gines web del Portal sense l\u2019autoritzaci\u00f3 de l\u2019empresa, sempre que no siguin a una p\u00e0gina web del Portal que no requereixi identificaci\u00f3 o autenticaci\u00f3 per al seu acc\u00e9s, o el mateix estigui restringit.<\/p>\n\n\n\n<p>En qualsevol cas, el portal es reserva tots els drets sobre els continguts, informaci\u00f3 dades i serveis que ostenti sobre els mateixos. El portal no concedeix cap llic\u00e8ncia o autoritzaci\u00f3 d\u2019\u00fas a l\u2019usuari sobre els seus continguts, dades o serveis, diferent de la que expressament es detall en les presents condicions generals d\u2019\u00fas del portal.<\/p>\n\n\n\n<p>7. Legislaci\u00f3 aplicable, jurisdicci\u00f3 competent i notificacions<\/p>\n\n\n\n<p>Les presents condicions es regeixen i s\u2019interpreten d\u2019acord amb les Lleis d\u2019Espanya. Per a qualsevol reclamaci\u00f3 seran competents els jutjats i tribunals de Barcelona. Totes les notificacions, requeriments, peticions i altres comunicacions que l\u2019Usuari vulgui efectuar a l\u2019empresa titular del Portal s\u2019hauran de fer per escrit i s\u2019entendr\u00e0 que han estat correctament realitzades quan hagin estat rebudes a l\u2019adre\u00e7a Carrer xxxxxxxxxxxxxxxx<\/p>\n\n\n\n<p><strong>POL\u00cdTICA DE COOKIES<\/strong><\/p>\n\n\n\n<p>Les cookies s\u00f3n fitxers de text que el lloc web envia al navegador i que emmagatzema l\u2019equip de l\u2019usuari amb la finalitat d\u2019emmagatzemar i recuperar informaci\u00f3 sobre la navegaci\u00f3 que es realitza des del seu equip, sigui ordinador, m\u00f2bil, tauleta \u2026<\/p>\n\n\n\n<p>Aquests arxius contenen dades an\u00f2nimes que no s\u00f3n perjudicials per al seu equip. S\u2019utilitzen per recordar les prefer\u00e8ncies de l\u2019usuari, com l\u2019idioma seleccionat, dades d\u2019acc\u00e9s o personalitzaci\u00f3 de la p\u00e0gina.<\/p>\n\n\n\n<p>Per qu\u00e8 utilitzem galetes?<\/p>\n\n\n\n<p>Nom\u00e9s utilitzem les estrictament necess\u00e0ries i essencials per navegar i utilitzar el lloc web amb m\u00e9s llibertat. La nostra web tamb\u00e9 utilitza enlla\u00e7os a xarxes socials (com Linkedin). &nbsp;L\u2019Empresa no controla les cookies utilitzades per aquestes webs externes.<\/p>\n\n\n\n<p>Diferents tipus de cookies:<\/p>\n\n\n\n<p>Galetes de sessi\u00f3: s\u00f3n cookies temporals que es guarden al fitxer del seu navegador fins que abandoni la p\u00e0gina. La informaci\u00f3 obtinguda serveix per analitzar pautes de tr\u00e0nsit web. A la llarga, ens permet proporcionar una millor experi\u00e8ncia per millorar el contingut i facilitar-ne l\u2019\u00fas.<\/p>\n\n\n\n<p>Cookies permanents: s\u00f3n emmagatzemades al disc dur i la web les llegeix cada vegada que realitza una nova visita. Tenen una data de caducitat determinada. Deixen de funcionar despr\u00e9s d\u2019aquesta data. Les utilitzem, generalment, per facilitar els serveis de registre.<\/p>\n\n\n\n<p>Galetes de tercers: podem utilitzar cookies de tercers per permetre gestionar i millorar els serveis que oferim.<\/p>\n\n\n\n<p>Galetes anal\u00edtiques: serveixen per al manteniment diari, per garantir un millor servei a l\u2019usuari, recopilant estad\u00edstiques de les activitats en el lloc web.<\/p>\n\n\n\n<p>Les cookies que utilitzem s\u00f3n de car\u00e0cter general per a tots els usuaris de innovacd.net, en cas que les vulgui modificar, haur\u00e0 de gestionar les galetes a trav\u00e9s del seu navegador web.<\/p>\n","protected":false},"excerpt":{"rendered":"<p>1. Introducci\u00f3 Les presents condicions generals d\u2019\u00fas de la p\u00e0gina web, regulen els termes i condicions d\u2019acc\u00e9s i \u00fas de www.innovacd.net, propietat de Innovation &amp; Creativity Development, &nbsp;amb domicili en xxxxxxxxxxxxxx i amb Codi d\u2019Identificaci\u00f3 Fiscal n\u00famero B-XXXXXX, d\u2019ara en endavant, \u00abl\u2019Empresa\u00bb, que l\u2019usuari del portal haur\u00e0 de llegir i acceptar per utilitzar tots els&#8230;<\/p>\n","protected":false},"author":1,"featured_media":0,"parent":0,"menu_order":0,"comment_status":"closed","ping_status":"open","template":"","meta":{"footnotes":""},"class_list":["post-13947","page","type-page","status-publish","hentry"],"_links":{"self":[{"href":"https:\/\/clientesdemo.cl\/innovacd\/wp-json\/wp\/v2\/pages\/13947","targetHints":{"allow":["GET"]}}],"collection":[{"href":"https:\/\/clientesdemo.cl\/innovacd\/wp-json\/wp\/v2\/pages"}],"about":[{"href":"https:\/\/clientesdemo.cl\/innovacd\/wp-json\/wp\/v2\/types\/page"}],"author":[{"embeddable":true,"href":"https:\/\/clientesdemo.cl\/innovacd\/wp-json\/wp\/v2\/users\/1"}],"replies":[{"embeddable":true,"href":"https:\/\/clientesdemo.cl\/innovacd\/wp-json\/wp\/v2\/comments?post=13947"}],"version-history":[{"count":3,"href":"https:\/\/clientesdemo.cl\/innovacd\/wp-json\/wp\/v2\/pages\/13947\/revisions"}],"predecessor-version":[{"id":13953,"href":"https:\/\/clientesdemo.cl\/innovacd\/wp-json\/wp\/v2\/pages\/13947\/revisions\/13953"}],"wp:attachment":[{"href":"https:\/\/clientesdemo.cl\/innovacd\/wp-json\/wp\/v2\/media?parent=13947"}],"curies":[{"name":"wp","href":"https:\/\/api.w.org\/{rel}","templated":true}]}}