{"id":13946,"date":"2021-08-27T12:54:54","date_gmt":"2021-08-27T15:54:54","guid":{"rendered":"https:\/\/innovacd.net\/?page_id=13946"},"modified":"2021-08-31T11:30:20","modified_gmt":"2021-08-31T14:30:20","slug":"aviso-legal","status":"publish","type":"page","link":"https:\/\/clientesdemo.cl\/innovacd\/aviso-legal\/","title":{"rendered":"AVISO LEGAL"},"content":{"rendered":"\n<p>Esta p\u00e1gina Web es propiedad de Innovation &amp; Creativity development, en adelante ICD, con NIF n\u00ba xxxxxxxxxx y domicilio en xxxxxxxxxxxxx Barcelona ( BARCELONA )<br>e Inscrita en el Registro Mercantil de Barcelona en el Tomo \u2026\u2026. Libro \u2026\u2026.. Inscripci\u00f3n \u2026\u2026\u2026.<br>Para cualquier consulta o propuesta, cont\u00e1ctenos en el e-mail: informa@innovacd.net<br>Esta p\u00e1gina Web se rige por la normativa exclusivamente aplicable en Espa\u00f1a, quedando sometida a ella, tanto nacionales como extranjeros que utilicen esta Web.<br>El acceso a nuestra p\u00e1gina Web por parte del USUARIO es gratuito y est\u00e1 condicionado a la previa lectura y aceptaci\u00f3n integra, expresa y sin reservas de las presentes<br>CONDICIONES GENERALES DE USO vigentes en el momento del acceso, que rogamos lea detenidamente. El USUARIO en el momento que utiliza nuestro portal, sus<br>contenidos o servicios, acepta y se somete expresamente a las condiciones generales de uso del mismo. Si el usuario no estuviere de acuerdo con las presentes<br>condiciones de uso, deber\u00e1 abstenerse de utilizar este portal y operar por medio del mismo.<br>En cualquier momento podremos modificar la presentaci\u00f3n y configuraci\u00f3n de nuestra Web, ampliar o reducir servicios, e incluso suprimirla de la Red, as\u00ed como los<br>servicios y contenidos prestados, todo ello de forma unilateral y sin previo aviso.<\/p>\n\n\n\n<p><br><strong>A. PROPIEDAD INTELECTUAL<\/strong><br>Todos los contenidos, textos, im\u00e1genes, marcas y c\u00f3digos fuente son de nuestra propiedad o de terceros a los que se han adquirido sus derechos de explotaci\u00f3n, y<br>est\u00e1n protegidos por los derechos de Propiedad Intelectual e Industrial.<br>El usuario \u00fanicamente tiene derecho a un uso privado de los mismos, sin \u00e1nimo de lucro, y necesita autorizaci\u00f3n expresa para modificarlos, reproducirlos, explotarlos,<br>distribuirlos o ejercer cualquier derecho perteneciente a su titular.<\/p>\n\n\n\n<p><br><strong>B. CONDICIONES DE ACCESO<\/strong><br>El acceso a nuestra p\u00e1gina Web es gratuito y no exige previa suscripci\u00f3n o registro.<br>El env\u00edo de datos personales implica la aceptaci\u00f3n expresa por parte del USUARIO de nuestra pol\u00edtica de privacidad.<br>El usuario debe acceder a nuestra p\u00e1gina Web conforme a la buena fe, las normas de orden p\u00fablico y a las presentes Condiciones Generales de uso. El acceso a<br>nuestro sitio Web se realiza bajo la propia y exclusiva responsabilidad del usuario, que responder\u00e1 en todo caso de los da\u00f1os y perjuicios que pueda causar a terceros<br>o a nosotros mismos.<br>Teniendo en cuenta la imposibilidad de control respecto a la informaci\u00f3n, contenidos y servicios que contengan otras p\u00e1ginas web a los que se pueda acceder a trav\u00e9s<br>de los enlaces que nuestra p\u00e1gina web pueda poner a su disposici\u00f3n, le comunicamos que quedamos eximidos de cualquier responsabilidad por los da\u00f1os y perjuicios<br>de toda clase que pudiesen derivar por la utilizaci\u00f3n de esas p\u00e1ginas web, ajenas a nuestra empresa, por parte del usuario.<\/p>\n\n\n\n<p><br><strong>C. POL\u00cdTICA DE PRIVACIDAD<\/strong><br>La confidencialidad y la seguridad son valores primordiales de ICD y, en consecuencia, asumimos el compromiso de garantizar la privacidad del Usuario en todo<br>momento y de no recabar informaci\u00f3n innecesaria. A continuaci\u00f3n, le proporcionamos toda la informaci\u00f3n necesaria sobre nuestra Pol\u00edtica de Privacidad en relaci\u00f3n<br>con los datos personales que recabamos, explic\u00e1ndole:<br>\u2022 Qui\u00e9n es el responsable del tratamiento de sus datos.<br>\u2022 Para qu\u00e9 finalidades recabamos los datos que le solicitamos.<br>\u2022 Cu\u00e1l es la legitimaci\u00f3n para su tratamiento.<br>\u2022 Durante cu\u00e1nto tiempo los conservamos.<br>\u2022 A qu\u00e9 destinatarios se comunican sus datos.<br>\u2022 Cu\u00e1les son sus derechos.<\/p>\n\n\n\n<ol class=\"wp-block-list\"><li>RESPONSABLE: ver datos en el encabezamiento.<\/li><li>FINALIDADES, LEGITIMACI\u00d3N Y CONSERVACI\u00d3N de los tratamientos de los datos enviados a trav\u00e9s de:<br>o Formulario de Contacto.<br>Finalidad: Facilitarle un medio para que pueda ponerse en contacto con nosotros y contestar a sus solicitudes de informaci\u00f3n, as\u00ed como enviarle comunicaciones de<br>nuestros productos, servicios y actividades, inclusive por medios electr\u00f3nicos (correo electr\u00f3nico, SMS, whatsApp), si marca la casilla de aceptaci\u00f3n.<br>Legitimaci\u00f3n: El consentimiento del usuario al solicitarnos informaci\u00f3n a trav\u00e9s de nuestro formulario de contactos y al marcar la casilla de aceptaci\u00f3n de env\u00edo de<br>informaci\u00f3n.<br>Conservaci\u00f3n: Una vez resuelta su solicitud por medio de nuestro formulario o contestada por correo electr\u00f3nico, si no ha generado un nuevo tratamiento, y en caso<br>de haber aceptado recibir env\u00edos comerciales, hasta que solicite la baja de los mismos.<br>o Env\u00edo de correos electr\u00f3nicos.<br>Finalidad: Contestar a sus solicitudes de informaci\u00f3n, atender sus peticiones y responder sus consultas o dudas. En caso de recibir su Curr\u00edculum Vitae, sus datos<br>personales y curriculares podr\u00e1n formar parte de nuestras bases de datos para participar en nuestros procesos de selecci\u00f3n presentes y futuros.<br>Legitimaci\u00f3n: El consentimiento del usuario al solicitarnos informaci\u00f3n a trav\u00e9s de la direcci\u00f3n de correo electr\u00f3nico o enviarnos sus datos y CV para participar en<br>nuestros procesos de selecci\u00f3n.<br>Conservaci\u00f3n: Una vez resulta contestada su petici\u00f3n por correo electr\u00f3nico, si no ha generado un nuevo tratamiento. En el caso de recibir su CV, sus datos podr\u00e1n ser<br>conservados durante un a\u00f1o m\u00e1ximo para futuros procesos de selecci\u00f3n.<br>Obligaci\u00f3n de facilitarnos sus datos personales y consecuencias de no hacerlo.<br>El suministro de datos personales requiere una edad m\u00ednima de 14 a\u00f1os, o en su caso, disponer de capacidad jur\u00eddica suficiente para contratar.<br>Los datos personales solicitados son necesarios para gestionar sus solicitudes, darle de alta como usuario y\/o prestarle los servicios que pueda contratar, por lo que, si<br>no nos los facilita, no podremos atenderle correctamente ni prestarle el servicio que ha solicitado.<br>En todo caso, nos reservamos el derecho de decidir sobre la incorporaci\u00f3n o no de sus datos personales y dem\u00e1s informaci\u00f3n a nuestras bases de datos.<\/li><li>DESTINATARIOS DE SUS DATOS.<br>Sus datos son confidenciales y no se ceder\u00e1n a terceros, salvo que exista obligaci\u00f3n legal.<\/li><li>DERECHOS EN RELACI\u00d3N CON SUS DATOS PERSONALES.<br>Cualquier persona puede retirar su consentimiento en cualquier momento, cuando el mismo se haya otorgado para el tratamiento de sus datos. En ning\u00fan caso, la<br>retirada de este consentimiento condiciona la ejecuci\u00f3n del contrato de suscripci\u00f3n o las relaciones generadas con anterioridad.<br>Igualmente, puede ejercer los siguientes derechos:\u00b7 Solicitar el acceso a sus datos personales o su rectificaci\u00f3n cuando sean inexactos.<br>\u00b7 Solicitar su supresi\u00f3n cuando, entre otros motivos, los datos ya no sean necesarios para los fines para los que fueron recogidos.<br>\u00b7 Solicitar la limitaci\u00f3n de su tratamiento en determinadas circunstancias.<br>\u00b7 Solicitar la oposici\u00f3n al tratamiento de sus datos por motivos relacionados con su situaci\u00f3n particular.<br>\u00b7 Solicitar la portabilidad de los datos en los casos previstos en la normativa.<br>\u00b7 Otros derechos reconocidos en las normativas aplicables.<br>D\u00f3nde y c\u00f3mo solicitar sus Derechos: Mediante un escrito dirigido al responsable a su direcci\u00f3n postal o electr\u00f3nica (indicadas en el apartado A), indicando la<br>referencia \u201cDatos Personales\u201d, especificando el derecho que se quiere ejercer y respecto a qu\u00e9 datos personales.En caso de divergencias con la empresa en relaci\u00f3n<br>con el tratamiento de sus datos, puede presentar una reclamaci\u00f3n ante la Agencia de Protecci\u00f3n de Datos (www.agpd.es).<\/li><li>SEGURIDAD DE SUS DATOS PERSONALES<br>Con el objetivo de salvaguardar la seguridad de sus datos personales, le informamos que hemos adoptado todas las medidas de \u00edndole t\u00e9cnica y organizativa<br>necesarias para garantizar la seguridad de los datos personales suministrados de su alteraci\u00f3n, p\u00e9rdida y tratamientos o accesos no autorizados.<\/li><li>ACTUALIZACI\u00d3N DE SUS DATOS<br>Es importante que para que podamos mantener sus datos personales actualizados, nos informe siempre que haya habido alguna modificaci\u00f3n en ellos, en caso<br>contrario, no respondemos de la veracidad de los mismos.<\/li><li>No nos hacemos responsables de la pol\u00edtica de privacidad respecto a los datos personales que pueda facilitar a terceros por medio de los enlaces disponibles en<br>nuestra p\u00e1gina web.<\/li><li>La presente Pol\u00edtica de Privacidad puede ser modificada para adaptarlas a los cambios que se produzca en nuestra web, as\u00ed como modificaciones legislativas o<br>jurisprudenciales sobre datos personales que vayan apareciendo, por lo que exige su lectura, cada vez que nos facilite sus datos a trav\u00e9s de esta Web.<\/li><\/ol>\n\n\n\n<p><br><strong>D. RESPONSABILIDADES<\/strong><br>Al poner a disposici\u00f3n del usuario esta p\u00e1gina Web queremos ofrecerle un servicio de calidad, utilizando la m\u00e1xima diligencia en la prestaci\u00f3n del mismo, as\u00ed como en<br>los medios tecnol\u00f3gicos utilizados. No obstante, no responderemos de la presencia de virus y otros elementos que de alg\u00fan modo puedan da\u00f1ar el sistema<br>inform\u00e1tico del usuario.<br>No garantizamos que la disponibilidad del servicio sea continua e ininterrumpida.<br>El USUARIO tiene prohibido cualquier tipo de acci\u00f3n sobre nuestro portal que origine una excesiva sobrecarga de funcionamiento a nuestros sistemas inform\u00e1ticos, as\u00ed<br>como la introducci\u00f3n de virus, o instalaci\u00f3n de robots, o software que altere el normal funcionamiento de nuestra web, o en definitiva pueda causar da\u00f1os a nuestros<br>sistemas inform\u00e1ticos.<br>El USUARIO asume toda la responsabilidad derivada del uso de nuestra p\u00e1gina web.<br>El USUARIO reconoce que ha entendido toda la informaci\u00f3n respecto a las condiciones de uso de nuestro portal, y reconoce que son suficientes para la exclusi\u00f3n del<br>error en las mismas, y por lo tanto, las acepta integra y expresamente.<\/p>\n\n\n\n<p><br><strong>POL\u00cdTICA DE COOKIES<\/strong><br>Las cookies son archivos de texto que el sitio web env\u00eda al navegador y que almacena el equipo del usuario con el fin de almacenar y recuperar informaci\u00f3n sobre la<br>navegaci\u00f3n que se realiza desde su equipo, sea ordenador, m\u00f3vil, tableta \u2026<br>Estos archivos contienen datos an\u00f3nimos que no son perjudiciales para su equipo. Se utilizan para recordar las preferencias del usuario, como el idioma seleccionado,<br>datos de acceso o personalizaci\u00f3n de la p\u00e1gina.<\/p>\n\n\n\n<p><br>\u00bfPor qu\u00e9 utilizamos cookies?<br>S\u00f3lo utilizamos las estrictamente necesarias y esenciales para navegar y utilizar el sitio web con m\u00e1s libertad. Nuestra web tambi\u00e9n utiliza enlaces a redes sociales<br>(como Linkedin). ICD no controla las cookies utilizadas por estas webs externas.<br>Diferentes tipos de cookies:<br>Galletas de sesi\u00f3n: son cookies temporales que se guardan en el archivo de su navegador hasta que abandone la p\u00e1gina. La informaci\u00f3n obtenida sirve para analizar<br>pautas de tr\u00e1fico web. A la larga, nos permite proporcionar una mejor experiencia para mejorar el contenido y facilitar su uso.<br>Cookies permanentes: son almacenadas en el disco duro y la web las lee cada vez que realiza una nueva visita. Tienen una fecha de caducidad determinada. Dejan de<br>funcionar despu\u00e9s de esta fecha. Las utilizamos, generalmente, para facilitar los servicios de registro.<br>Cookies de terceros: podemos utilizar cookies de terceros para permitir gestionar y mejorar los servicios que ofrecemos.<br>Galletas anal\u00edticas: sirven para el mantenimiento diario, para garantizar un mejor servicio al usuario, recopilando estad\u00edsticas de las actividades en el sitio web.<br>Las cookies que utilizamos son de car\u00e1cter general para todos los usuarios de innovacd.net, en caso de que las quiera modificar, deber\u00e1 gestionar las galletas a trav\u00e9s<br>de su navegador web.<\/p>\n","protected":false},"excerpt":{"rendered":"<p>Esta p\u00e1gina Web es propiedad de Innovation &amp; Creativity development, en adelante ICD, con NIF n\u00ba xxxxxxxxxx y domicilio en xxxxxxxxxxxxx Barcelona ( BARCELONA )e Inscrita en el Registro Mercantil de Barcelona en el Tomo \u2026\u2026. Libro \u2026\u2026.. Inscripci\u00f3n \u2026\u2026\u2026.Para cualquier consulta o propuesta, cont\u00e1ctenos en el e-mail: informa@innovacd.netEsta p\u00e1gina Web se rige por la&#8230;<\/p>\n","protected":false},"author":1,"featured_media":0,"parent":0,"menu_order":0,"comment_status":"closed","ping_status":"open","template":"","meta":{"footnotes":""},"class_list":["post-13946","page","type-page","status-publish","hentry"],"_links":{"self":[{"href":"https:\/\/clientesdemo.cl\/innovacd\/wp-json\/wp\/v2\/pages\/13946","targetHints":{"allow":["GET"]}}],"collection":[{"href":"https:\/\/clientesdemo.cl\/innovacd\/wp-json\/wp\/v2\/pages"}],"about":[{"href":"https:\/\/clientesdemo.cl\/innovacd\/wp-json\/wp\/v2\/types\/page"}],"author":[{"embeddable":true,"href":"https:\/\/clientesdemo.cl\/innovacd\/wp-json\/wp\/v2\/users\/1"}],"replies":[{"embeddable":true,"href":"https:\/\/clientesdemo.cl\/innovacd\/wp-json\/wp\/v2\/comments?post=13946"}],"version-history":[{"count":1,"href":"https:\/\/clientesdemo.cl\/innovacd\/wp-json\/wp\/v2\/pages\/13946\/revisions"}],"predecessor-version":[{"id":13949,"href":"https:\/\/clientesdemo.cl\/innovacd\/wp-json\/wp\/v2\/pages\/13946\/revisions\/13949"}],"wp:attachment":[{"href":"https:\/\/clientesdemo.cl\/innovacd\/wp-json\/wp\/v2\/media?parent=13946"}],"curies":[{"name":"wp","href":"https:\/\/api.w.org\/{rel}","templated":true}]}}